n 2885242 is divided by 16?
10
Calculate the remainder when 22354034 is divided by 2794254.
2
What is the remainder when 1659872 is divided by 1072?
416
Calculate the remainder when 1017695 is divided by 1059.
1055
Calculate the remainder when 65439 is divided by 32503.
433
Calculate the remainder when 839390 is divided by 14209.
1059
What is the remainder when 7491749 is divided by 1248610?
89
What is the remainder when 5438652 is divided by 2079?
2067
What is the remainder when 1284989 is divided by 642398?
193
Calculate the remainder when 42557183 is divided by 432.
431
What is the remainder when 1946797 is divided by 16?
13
Calculate the remainder when 259001 is divided by 25868.
321
Calculate the remainder when 1526867 is divided by 358.
355
Calculate the remainder when 226161 is divided by 1216.
1201
Calculate the remainder when 122508 is divided by 549.
81
Calculate the remainder when 128937 is divided by 51.
9
Calculate the remainder when 3470441 is divided by 43.
40
Calculate the remainder when 2856067 is divided by 714012.
19
Calculate the remainder when 246756 is divided by 14480.
596
Calculate the remainder when 81218814 is divided by 81218803.
11
What is the remainder when 20288788 is divided by 19?
18
Calculate the remainder when 7485120 is divided by 302.
50
What is the remainder when 1232798 is divided by 88057?
0
What is the remainder when 6922078 is divided by 68?
18
What is the remainder when 3290061 is divided by 1601?
6
What is the remainder when 137123 is divided by 1875?
248
Calculate the remainder when 3017653 is divided by 50.
3
What is the remainder when 50151219 is divided by 20801?
8
What is the remainder when 142176 is divided by 699?
279
What is the remainder when 58628135 is divided by 461?
460
What is the remainder when 415608 is divided by 31963?
89
What is the remainder when 24378168 is divided by 28?
24
What is the remainder when 93037632 is divided by 461?
456
Calculate the remainder when 207707 is divided by 119.
52
Calculate the remainder when 15308587 is divided by 156210.
7
Calculate the remainder when 26491 is divided by 8646.
553
Calculate the remainder when 110763177 is divided by 6191.
6187
What is the remainder when 1056268 is divided by 116?
88
Calculate the remainder when 305239 is divided by 3468.
55
What is the remainder when 1011591 is divided by 126447?
15
Calculate the remainder when 22870694 is divided by 179.
43
Calculate the remainder when 6251564 is divided by 34.
18
What is the remainder when 258968 is divided by 51675?
593
What is the remainder when 4301451 is divided by 47?
11
Calculate the remainder when 2915041 is divided by 6124.
17
Calculate the remainder when 79427569 is divided by 92.
13
What is the remainder when 139908 is divided by 1324?
888
Calculate the remainder when 16171 is divided by 34.
21
Calculate the remainder when 502406 is divided by 32.
6
Calculate the remainder when 2812401 is divided by 33884.
29
Calculate the remainder when 11639 is divided by 11264.
375
Calculate the remainder when 5627151 is divided by 114.
111
What is the remainder when 258770 is divided by 2121?
8
What is the remainder when 12171346 is divided by 99?
88
Calculate the remainder when 10762 is divided by 969.
103
What is the remainder when 3494754 is divided by 291222?
90
Calculate the remainder when 6186672 is divided by 1237334.
2
What is the remainder when 1099520 is divided by 1006?
968
What is the remainder when 6617873 is divided by 1057?
1053
What is the remainder when 10120098 is divided by 133?
128
Calculate the remainder when 583720 is divided by 291536.
648
Calculate the remainder when 468241 is divided by 357.
214
Calculate the remainder when 498808423 is divided by 1690876.
3
What is the remainder when 1396426 is divided by 1344?
10
Calculate the remainder when 5254695 is divided by 367.
356
Calculate the remainder when 105410 is divided by 1152.
578
Calculate the remainder when 119067 is divided by 28331.
5743
What is the remainder when 49751318 is divided by 20?
18
What is the remainder when 35995 is divided by 1508?
1311
What is the remainder when 2253940 is divided by 77?
73
Calculate the remainder when 230946765 is divided by 2652.
2649
Calculate the remainder when 10690717 is divided by 434.
429
Calculate the remainder when 93149 is divided by 10322.
251
Calculate the remainder when 176467 is divided by 48.
19
What is the remainder when 1106266 is divided by 110?
106
What is the remainder when 2098461 is divided by 314?
313
What is the remainder when 54775139 is divided by 5622?
5615
Calculate the remainder when 4488757 is divided by 3416.
133
What is the remainder when 84518 is divided by 84490?
28
What is the remainder when 142551 is divided by 71260?
31
Calculate the remainder when 5197327 is divided by 1367.
1360
What is the remainder when 62431639 is divided by 438?
433
What is the remainder when 2864887 is divided by 691?
1
What is the remainder when 9630 is divided by 1677?
1245
Calculate the remainder when 1228456 is divided by 1385.
1346
Calculate the remainder when 35849869 is divided by 3109.
3099
Calculate the remainder when 1431695 is divided by 10075.
1045
Calculate the remainder when 3222258 is divided by 1655.
1628
What is the remainder when 15260611 is divided by 2180081?
44
Calculate the remainder when 6847850 is divided by 44.
42
What is the remainder when 1147794 is divided by 63748?
330
Calculate the remainder when 13090044 is divided by 199.
23
What is the remainder when 840092 is divided by 331?
14
What is the remainder when 1139444599 is divided by 20?
19
What is the remainder when 79582638 is divided by 76?
74
What is the remainder when 1128676 is divided by 206?
2
What is the remainder when 197545 is divided by 5644?
5
What is the remainder when 967182 is divided by 67?
37
Calculate the remainder when 50775 is divided by 16402.
1569
Calculate the remainder when 1455756 is divided by 983.
916
What is the remainder when 3558877 is divided by 46827?
25
Calculate the remainder when 21230 is divided by 234.
170
What is the remainder when 313711441 is divided by 634?
633
Calculate the remainder when 81724813 is divided by 16.
13
Calculate the remainder when 1357389 is divided by 135721.
179
What is the remainder when 70367 is divided by 2280?
1967
What is the remainder when 736621 is divided by 735885?
736
Calculate the remainder when 122457843 is divided by 2011.
9
Calculate the remainder when 77355659 is divided by 545.
539
Calculate the remainder when 7397971 is divided by 1339.
1335
Calculate the remainder when 2546517 is divided by 2475.
2217
What is the remainder when 113658801 is divided by 52693?
0
Calculate the remainder when 3432098 is divided by 1814.
10
Calculate the remainder when 299385 is divided by 1261.
528
What is the remainder when 18996172 is divided by 810?
52
What is the remainder when 1374342 is divided by 39263?
137
What is the remainder when 555388 is divided by 92495?
418
What is the remainder when 1053427 is divided by 2159?
1994
What is the remainder when 11490935 is divided by 74?
67
Calculate the remainder when 35833 is divided by 104.
57
Calculate the remainder when 19374833 is divided by 355.
353
Calculate the remainder when 1656128 is divided by 828060.
8
Calculate the remainder when 115564 is divided by 115560.
4
What is the remainder when 1539 is divided by 852?
687
Calculate the remainder when 9862712 is divided by 4165.
4157
What is the remainder when 173834 is divided by 794?
742
What is the remainder when 26642147 is divided by 266421?
47
Calculate the remainder when 568369 is divided by 258.
253
Calculate the remainder when 281279 is divided by 11417.
7271
What is the remainder when 181738 is divided by 3559?
229
Calculate the remainder when 31630897 is divided by 70135.
12
What is the remainder when 12948 is divided by 408?
300
Calculate the remainder when 1059881 is divided by 353292.
5
Calculate the remainder when 132387 is divided by 18903.
66
Calculate the remainder when 5731553 is divided by 318418.
29
What is the remainder when 153519 is divided by 291?
162
What is the remainder when 47238 is divided by 615?
498
What is the remainder when 106785191 is divided by 232?
231
Calculate the remainder when 2281